{"id":1709,"date":"2024-10-17T09:21:12","date_gmt":"2024-10-17T07:21:12","guid":{"rendered":"https:\/\/www.wac2027.com\/esp\/?page_id=1709"},"modified":"2025-11-04T11:57:12","modified_gmt":"2025-11-04T09:57:12","slug":"patrocinio-y-exposicion","status":"publish","type":"page","link":"https:\/\/www.wac2027.com\/esp\/patrocinio-y-exposicion\/","title":{"rendered":"Patrocinio y Exposici\u00f3n"},"content":{"rendered":"<p>[et_pb_section fb_built=&#8221;1&#8243; module_class=&#8221;page-title&#8221; _builder_version=&#8221;4.25.0&#8243; _module_preset=&#8221;default&#8221; background_image=&#8221;https:\/\/www.wac2027.com\/esp\/wp-content\/uploads\/2023\/01\/IMGL9982.jpg&#8221; background_position=&#8221;center_left&#8221; global_colors_info=&#8221;{}&#8221;][et_pb_row _builder_version=&#8221;4.17.4&#8243; _module_preset=&#8221;default&#8221; global_colors_info=&#8221;{}&#8221;][et_pb_column type=&#8221;4_4&#8243; _builder_version=&#8221;4.17.4&#8243; _module_preset=&#8221;default&#8221; global_colors_info=&#8221;{}&#8221;][et_pb_post_title meta=&#8221;off&#8221; featured_image=&#8221;off&#8221; _builder_version=&#8221;4.17.4&#8243; _module_preset=&#8221;default&#8221; global_colors_info=&#8221;{}&#8221;][\/et_pb_post_title][et_pb_text _builder_version=&#8221;4.25.0&#8243; _module_preset=&#8221;default&#8221; global_colors_info=&#8221;{}&#8221;]<a href=\"https:\/\/www.wac2027.com\/esp\/wp\">Inicio<\/a>\u00a0 \/\/ \u00a0Patrocinio y Exposici\u00f3n[\/et_pb_text][\/et_pb_column][\/et_pb_row][\/et_pb_section][et_pb_section fb_built=&#8221;1&#8243; module_class=&#8221;pledge&#8221; _builder_version=&#8221;4.19.4&#8243; _module_preset=&#8221;default&#8221; custom_padding=&#8221;0px||0px||false|false&#8221; global_module=&#8221;1383&#8243; global_colors_info=&#8221;{}&#8221;][et_pb_row _builder_version=&#8221;4.19.4&#8243; _module_preset=&#8221;default&#8221; custom_padding=&#8221;0px||0px||false|false&#8221; global_colors_info=&#8221;{}&#8221;][et_pb_column type=&#8221;4_4&#8243; _builder_version=&#8221;4.19.4&#8243; _module_preset=&#8221;default&#8221; global_colors_info=&#8221;{}&#8221;][et_pb_button button_url=&#8221;https:\/\/www.wac2027.com\/esp\/brinde-su-apoyo\/&#8221; button_text=&#8221;\u00danete a nuestra lista de correo&#8221; _builder_version=&#8221;4.25.0&#8243; _module_preset=&#8221;default&#8221; global_colors_info=&#8221;{}&#8221;][\/et_pb_button][\/et_pb_column][\/et_pb_row][\/et_pb_section][et_pb_section fb_built=&#8221;1&#8243; _builder_version=&#8221;4.19.4&#8243; _module_preset=&#8221;default&#8221; global_colors_info=&#8221;{}&#8221;][et_pb_row column_structure=&#8221;2_3,1_3&#8243; _builder_version=&#8221;4.17.4&#8243; _module_preset=&#8221;default&#8221; global_colors_info=&#8221;{}&#8221;][et_pb_column type=&#8221;2_3&#8243; _builder_version=&#8221;4.17.4&#8243; _module_preset=&#8221;default&#8221; global_colors_info=&#8221;{}&#8221;][et_pb_text _builder_version=&#8221;4.25.0&#8243; _module_preset=&#8221;default&#8221; global_colors_info=&#8221;{}&#8221;]El 11avo Congreso Mundial del Aguacate se celebrar\u00e1 en Ciudad del Cabo, Sud\u00e1frica, del 6 al 9 de septiembre de 2027, en el Centro Internacional de Convenciones de Ciudad del Cabo.<\/p>\n<p>El evento constar\u00e1 de sesiones cient\u00edficas y comerciales, as\u00ed como de una exposici\u00f3n, lo que atraer\u00e1 a delegados de toda la cadena de valor del aguacate.<\/p>\n<p>Los anteriores Congresos Mundiales del Aguacate han atra\u00eddo hasta 2000 delegados y esperamos cifras similares en 2027.<\/p>\n<p>El Congreso Mundial del Aguacate 2027 es una gran oportunidad para dar a conocer su marca a personas clave de la industria mundial del aguacate. Existen varias oportunidades de patrocinio.<\/p>\n<p>No se tarde. Las oportunidades son limitadas.[\/et_pb_text][\/et_pb_column][et_pb_column type=&#8221;1_3&#8243; _builder_version=&#8221;4.17.4&#8243; _module_preset=&#8221;default&#8221; global_colors_info=&#8221;{}&#8221;][et_pb_button button_url=&#8221;https:\/\/www.wac2027.com\/wp-content\/uploads\/2025\/11\/AVO-28-OCTOBER-2025.pdf&#8221; url_new_window=&#8221;on&#8221; button_text=&#8221;Descargar el folleto&#8221; _builder_version=&#8221;4.25.0&#8243; _module_preset=&#8221;default&#8221; hover_enabled=&#8221;0&#8243; global_colors_info=&#8221;{}&#8221; sticky_enabled=&#8221;0&#8243;][\/et_pb_button][et_pb_button button_url=&#8221;https:\/\/scatterlings.eventsair.com\/world-avo-congress-2027\/wac-2027-sponsorship-and-exhibition-booking-portal&#8221; url_new_window=&#8221;on&#8221; button_text=&#8221;Reserva de patrocinio&#8221; _builder_version=&#8221;4.25.0&#8243; _module_preset=&#8221;default&#8221; global_colors_info=&#8221;{}&#8221;][\/et_pb_button][et_pb_button button_url=&#8221;https:\/\/scatterlings.eventsair.com\/world-avo-congress-2027\/exhibition-portal&#8221; url_new_window=&#8221;on&#8221; button_text=&#8221;Reserva de exposici\u00f3n&#8221; _builder_version=&#8221;4.25.0&#8243; _module_preset=&#8221;default&#8221; global_colors_info=&#8221;{}&#8221;][\/et_pb_button][\/et_pb_column][\/et_pb_row][\/et_pb_section][et_pb_section fb_built=&#8221;1&#8243; _builder_version=&#8221;4.25.0&#8243; _module_preset=&#8221;default&#8221; global_colors_info=&#8221;{}&#8221;][et_pb_row _builder_version=&#8221;4.25.0&#8243; _module_preset=&#8221;default&#8221; global_colors_info=&#8221;{}&#8221;][et_pb_column type=&#8221;4_4&#8243; _builder_version=&#8221;4.25.0&#8243; _module_preset=&#8221;default&#8221; global_colors_info=&#8221;{}&#8221;][\/et_pb_column][\/et_pb_row][\/et_pb_section]<\/p>\n","protected":false},"excerpt":{"rendered":"<p>Inicio\u00a0 \/\/ \u00a0Patrocinio y Exposici\u00f3nEl 11avo Congreso Mundial del Aguacate se celebrar\u00e1 en Ciudad del Cabo, Sud\u00e1frica, del 6 al 9 de septiembre de 2027, en el Centro Internacional de Convenciones de Ciudad del Cabo. El evento constar\u00e1 de sesiones cient\u00edficas y comerciales, as\u00ed como de una exposici\u00f3n, lo que atraer\u00e1 a delegados de toda [&hellip;]<\/p>\n","protected":false},"author":1,"featured_media":0,"parent":0,"menu_order":0,"comment_status":"closed","ping_status":"closed","template":"","meta":{"_et_pb_use_builder":"on","_et_pb_old_content":"","_et_gb_content_width":"","footnotes":""},"class_list":["post-1709","page","type-page","status-publish","hentry"],"_links":{"self":[{"href":"https:\/\/www.wac2027.com\/esp\/wp-json\/wp\/v2\/pages\/1709","targetHints":{"allow":["GET"]}}],"collection":[{"href":"https:\/\/www.wac2027.com\/esp\/wp-json\/wp\/v2\/pages"}],"about":[{"href":"https:\/\/www.wac2027.com\/esp\/wp-json\/wp\/v2\/types\/page"}],"author":[{"embeddable":true,"href":"https:\/\/www.wac2027.com\/esp\/wp-json\/wp\/v2\/users\/1"}],"replies":[{"embeddable":true,"href":"https:\/\/www.wac2027.com\/esp\/wp-json\/wp\/v2\/comments?post=1709"}],"version-history":[{"count":6,"href":"https:\/\/www.wac2027.com\/esp\/wp-json\/wp\/v2\/pages\/1709\/revisions"}],"predecessor-version":[{"id":1812,"href":"https:\/\/www.wac2027.com\/esp\/wp-json\/wp\/v2\/pages\/1709\/revisions\/1812"}],"wp:attachment":[{"href":"https:\/\/www.wac2027.com\/esp\/wp-json\/wp\/v2\/media?parent=1709"}],"curies":[{"name":"wp","href":"https:\/\/api.w.org\/{rel}","templated":true}]}}

Patrocinio y Exposición

<p>[et_pb_section fb_built=&#8221;1&#8243; module_class=&#8221;page-title&#8221; _builder_version=&#8221;4.25.0&#8243; _module_preset=&#8221;default&#8221; background_image=&#8221;https://www.wac2027.com/esp/wp-content/uploads/2023/01/IMGL9982.jpg&#8221; background_position=&#8221;center_left&#8221; global_colors_info=&#8221;{}&#8221;][et_pb_row _builder_version=&#8221;4.17.4&#8243; _module_preset=&#8221;default&#8221; global_colors_info=&#8221;{}&#8221;][et_pb_column type=&#8221;4_4&#8243; _builder_version=&#8221;4.17.4&#8243; _module_preset=&#8221;default&#8221; global_colors_info=&#8221;{}&#8221;][et_pb_post_title meta=&#8221;off&#8221; featured_image=&#8221;off&#8221; _builder_version=&#8221;4.17.4&#8243; _module_preset=&#8221;default&#8221; global_colors_info=&#8221;{}&#8221;][/et_pb_post_title][et_pb_text _builder_version=&#8221;4.25.0&#8243; _module_preset=&#8221;default&#8221; global_colors_info=&#8221;{}&#8221;]<a href="https://www.wac2027.com/esp/wp">Inicio</a>  //  Patrocinio y Exposición[/et_pb_text][/et_pb_column][/et_pb_row][/et_pb_section][et_pb_section fb_built=&#8221;1&#8243; module_class=&#8221;pledge&#8221; _builder_version=&#8221;4.19.4&#8243; _module_preset=&#8221;default&#8221; custom_padding=&#8221;0px||0px||false|false&#8221; global_module=&#8221;1383&#8243; global_colors_info=&#8221;{}&#8221;][et_pb_row _builder_version=&#8221;4.19.4&#8243; _module_preset=&#8221;default&#8221; custom_padding=&#8221;0px||0px||false|false&#8221; global_colors_info=&#8221;{}&#8221;][et_pb_column type=&#8221;4_4&#8243; _builder_version=&#8221;4.19.4&#8243; _module_preset=&#8221;default&#8221; global_colors_info=&#8221;{}&#8221;][et_pb_button button_url=&#8221;https://www.wac2027.com/esp/brinde-su-apoyo/&#8221; button_text=&#8221;Únete a nuestra lista de correo&#8221; _builder_version=&#8221;4.25.0&#8243; _module_preset=&#8221;default&#8221; global_colors_info=&#8221;{}&#8221;][/et_pb_button][/et_pb_column][/et_pb_row][/et_pb_section][et_pb_section fb_built=&#8221;1&#8243; _builder_version=&#8221;4.19.4&#8243; _module_preset=&#8221;default&#8221; global_colors_info=&#8221;{}&#8221;][et_pb_row column_structure=&#8221;2_3,1_3&#8243; _builder_version=&#8221;4.17.4&#8243; _module_preset=&#8221;default&#8221; global_colors_info=&#8221;{}&#8221;][et_pb_column type=&#8221;2_3&#8243; _builder_version=&#8221;4.17.4&#8243; _module_preset=&#8221;default&#8221; global_colors_info=&#8221;{}&#8221;][et_pb_text _builder_version=&#8221;4.25.0&#8243; _module_preset=&#8221;default&#8221; global_colors_info=&#8221;{}&#8221;]El 11avo Congreso Mundial del Aguacate se celebrará en Ciudad del Cabo, Sudáfrica, del 6 al 9 de septiembre de 2027, en el Centro Internacional de Convenciones de Ciudad del Cabo.</p>
<p>El evento constará de sesiones científicas y comerciales, así como de una exposición, lo que atraerá a delegados de toda la cadena de valor del aguacate.</p>
<p>Los anteriores Congresos Mundiales del Aguacate han atraído hasta 2000 delegados y esperamos cifras similares en 2027.</p>
<p>El Congreso Mundial del Aguacate 2027 es una gran oportunidad para dar a conocer su marca a personas clave de la industria mundial del aguacate. Existen varias oportunidades de patrocinio.</p>
<p>No se tarde. Las oportunidades son limitadas.[/et_pb_text][/et_pb_column][et_pb_column type=&#8221;1_3&#8243; _builder_version=&#8221;4.17.4&#8243; _module_preset=&#8221;default&#8221; global_colors_info=&#8221;{}&#8221;][et_pb_button button_url=&#8221;https://www.wac2027.com/wp-content/uploads/2025/11/AVO-28-OCTOBER-2025.pdf&#8221; url_new_window=&#8221;on&#8221; button_text=&#8221;Descargar el folleto&#8221; _builder_version=&#8221;4.25.0&#8243; _module_preset=&#8221;default&#8221; hover_enabled=&#8221;0&#8243; global_colors_info=&#8221;{}&#8221; sticky_enabled=&#8221;0&#8243;][/et_pb_button][et_pb_button button_url=&#8221;https://scatterlings.eventsair.com/world-avo-congress-2027/wac-2027-sponsorship-and-exhibition-booking-portal&#8221; url_new_window=&#8221;on&#8221; button_text=&#8221;Reserva de patrocinio&#8221; _builder_version=&#8221;4.25.0&#8243; _module_preset=&#8221;default&#8221; global_colors_info=&#8221;{}&#8221;][/et_pb_button][et_pb_button button_url=&#8221;https://scatterlings.eventsair.com/world-avo-congress-2027/exhibition-portal&#8221; url_new_window=&#8221;on&#8221; button_text=&#8221;Reserva de exposición&#8221; _builder_version=&#8221;4.25.0&#8243; _module_preset=&#8221;default&#8221; global_colors_info=&#8221;{}&#8221;][/et_pb_button][/et_pb_column][/et_pb_row][/et_pb_section][et_pb_section fb_built=&#8221;1&#8243; _builder_version=&#8221;4.25.0&#8243; _module_preset=&#8221;default&#8221; global_colors_info=&#8221;{}&#8221;][et_pb_row _builder_version=&#8221;4.25.0&#8243; _module_preset=&#8221;default&#8221; global_colors_info=&#8221;{}&#8221;][et_pb_column type=&#8221;4_4&#8243; _builder_version=&#8221;4.25.0&#8243; _module_preset=&#8221;default&#8221; global_colors_info=&#8221;{}&#8221;][/et_pb_column][/et_pb_row][/et_pb_section]</p>

<p>Inicio  //  Patrocinio y ExposiciónEl 11avo Congreso Mundial del Aguacate se celebrará en Ciudad del Cabo, Sudáfrica, del 6 al 9 de septiembre de 2027, en el Centro Internacional de Convenciones de Ciudad del Cabo. El evento constará de sesiones científicas y comerciales, así como de una exposición, lo que atraerá a delegados de toda [&hellip;]</p>
