{"id":1162,"date":"2023-01-31T10:06:56","date_gmt":"2023-01-31T08:06:56","guid":{"rendered":"https:\/\/www.wac2027.com\/esp\/?page_id=1162"},"modified":"2023-03-27T12:43:27","modified_gmt":"2023-03-27T10:43:27","slug":"perfil-del-opc","status":"publish","type":"page","link":"https:\/\/www.wac2027.com\/esp\/perfil-del-opc\/","title":{"rendered":"Organizadores Del Congreso"},"content":{"rendered":"<p>[et_pb_section fb_built=&#8221;1&#8243; module_class=&#8221;page-title&#8221; _builder_version=&#8221;4.19.4&#8243; _module_preset=&#8221;default&#8221; background_image=&#8221;https:\/\/www.wac2027.com\/esp\/wp-content\/uploads\/2023\/01\/SAVCA-2022-day01-022-2.jpg&#8221; global_colors_info=&#8221;{}&#8221;][et_pb_row _builder_version=&#8221;4.17.4&#8243; _module_preset=&#8221;default&#8221; global_colors_info=&#8221;{}&#8221;][et_pb_column type=&#8221;4_4&#8243; _builder_version=&#8221;4.17.4&#8243; _module_preset=&#8221;default&#8221; global_colors_info=&#8221;{}&#8221;][et_pb_post_title meta=&#8221;off&#8221; featured_image=&#8221;off&#8221; _builder_version=&#8221;4.17.4&#8243; _module_preset=&#8221;default&#8221; global_colors_info=&#8221;{}&#8221;][\/et_pb_post_title][et_pb_text _builder_version=&#8221;4.20.0&#8243; _module_preset=&#8221;default&#8221; hover_enabled=&#8221;0&#8243; global_colors_info=&#8221;{}&#8221; sticky_enabled=&#8221;0&#8243;]<a href=\"https:\/\/www.wac2027.com\/esp\/wp\">Inicio<\/a>\u00a0 \/\/\u00a0 Perfil del OPC[\/et_pb_text][\/et_pb_column][\/et_pb_row][\/et_pb_section][et_pb_section fb_built=&#8221;1&#8243; module_class=&#8221;pledge&#8221; _builder_version=&#8221;4.19.4&#8243; _module_preset=&#8221;default&#8221; custom_padding=&#8221;0px||0px||false|false&#8221; global_module=&#8221;1383&#8243; global_colors_info=&#8221;{}&#8221;][et_pb_row _builder_version=&#8221;4.19.4&#8243; _module_preset=&#8221;default&#8221; custom_padding=&#8221;0px||0px||false|false&#8221; global_colors_info=&#8221;{}&#8221;][et_pb_column type=&#8221;4_4&#8243; _builder_version=&#8221;4.19.4&#8243; _module_preset=&#8221;default&#8221; global_colors_info=&#8221;{}&#8221;][et_pb_button button_url=&#8221;https:\/\/www.wac2027.com\/esp\/pledge-your-support\/&#8221; button_text=&#8221;BRINDE SU APOYO&#8221; _builder_version=&#8221;4.20.0&#8243; _module_preset=&#8221;default&#8221; global_colors_info=&#8221;{}&#8221;][\/et_pb_button][\/et_pb_column][\/et_pb_row][\/et_pb_section][et_pb_section fb_built=&#8221;1&#8243; _builder_version=&#8221;4.19.4&#8243; _module_preset=&#8221;default&#8221; global_colors_info=&#8221;{}&#8221;][et_pb_row column_structure=&#8221;1_3,2_3&#8243; _builder_version=&#8221;4.19.4&#8243; _module_preset=&#8221;default&#8221; global_colors_info=&#8221;{}&#8221;][et_pb_column type=&#8221;1_3&#8243; _builder_version=&#8221;4.19.4&#8243; _module_preset=&#8221;default&#8221; global_colors_info=&#8221;{}&#8221;][et_pb_image src=&#8221;https:\/\/www.wac2027.com\/esp\/wp-content\/uploads\/2023\/01\/hybrid.png&#8221; title_text=&#8221;hybrid&#8221; _builder_version=&#8221;4.19.4&#8243; _module_preset=&#8221;default&#8221; global_colors_info=&#8221;{}&#8221;][\/et_pb_image][\/et_pb_column][et_pb_column type=&#8221;2_3&#8243; _builder_version=&#8221;4.19.4&#8243; _module_preset=&#8221;default&#8221; global_colors_info=&#8221;{}&#8221;][et_pb_text _builder_version=&#8221;4.20.0&#8243; _module_preset=&#8221;default&#8221; hover_enabled=&#8221;0&#8243; global_colors_info=&#8221;{}&#8221; sticky_enabled=&#8221;0&#8243;]<\/p>\n<h3>Scatterlings Conference and Events<\/h3>\n<p>Desde 1999, Scatterlings Conference and Events ha sido organizador profesional de m\u00e1s de 419 conferencias, reuniones e incentivos, en 12 pa\u00edses diferentes. \u201cMuchas gracias a usted y a su equipo por su atenci\u00f3n al detalle, su paciencia, su profesionalidad y su alto nivel. \u00a1Sin olvidar que siempre hacen un esfuerzo adicional!\u201d Actuamos de acuerdo con las normas m\u00e1s estrictas de responsabilidad, resultados financieros transparentes, experiencia innovadora y contenido profesional.<\/p>\n<p>Durante 23 a\u00f1os, Scatterlings Conference and Events ha organizado con \u00e9xito conferencias y exposiciones sobre una amplia gama de temas para p\u00fablicos muy diversos, desde las artes a la anestesia, pasando por la ingenier\u00eda, la educaci\u00f3n, la inform\u00e1tica o las telecomunicaciones, con un enfoque tanto nacional como mundial. Las audiencias van desde peque\u00f1os simposios hasta grandes congresos internacionales que re\u00fanen a varios miles de delegados.<\/p>\n<p>Scatterlings Conference and Events ofrece un enfoque verdaderamente integrado de las m\u00faltiples facetas de las conferencias presenciales y en l\u00ednea, desde las primeras ideas hasta el an\u00e1lisis final posterior a la conferencia.<\/p>\n<p><a href=\"https:\/\/www.soafrica.com\/\" target=\"_blank\" rel=\"noopener\"><strong>Visitar el sitio web<\/strong><\/a><\/p>\n<p>[\/et_pb_text][\/et_pb_column][\/et_pb_row][et_pb_row _builder_version=&#8221;4.19.4&#8243; _module_preset=&#8221;default&#8221; global_colors_info=&#8221;{}&#8221;][et_pb_column type=&#8221;4_4&#8243; _builder_version=&#8221;4.19.4&#8243; _module_preset=&#8221;default&#8221; global_colors_info=&#8221;{}&#8221;][et_pb_gallery gallery_ids=&#8221;1183,1181,1182,1180&#8243; show_title_and_caption=&#8221;off&#8221; show_pagination=&#8221;off&#8221; _builder_version=&#8221;4.19.4&#8243; _module_preset=&#8221;default&#8221; global_colors_info=&#8221;{}&#8221;][\/et_pb_gallery][\/et_pb_column][\/et_pb_row][\/et_pb_section]<\/p>\n","protected":false},"excerpt":{"rendered":"<p>Inicio\u00a0 \/\/\u00a0 Perfil del OPCScatterlings Conference and Events Desde 1999, Scatterlings Conference and Events ha sido organizador profesional de m\u00e1s de 419 conferencias, reuniones e incentivos, en 12 pa\u00edses diferentes. \u201cMuchas gracias a usted y a su equipo por su atenci\u00f3n al detalle, su paciencia, su profesionalidad y su alto nivel. \u00a1Sin olvidar que siempre [&hellip;]<\/p>\n","protected":false},"author":1,"featured_media":0,"parent":0,"menu_order":0,"comment_status":"closed","ping_status":"closed","template":"","meta":{"_et_pb_use_builder":"on","_et_pb_old_content":"","_et_gb_content_width":"","footnotes":""},"class_list":["post-1162","page","type-page","status-publish","hentry"],"_links":{"self":[{"href":"https:\/\/www.wac2027.com\/esp\/wp-json\/wp\/v2\/pages\/1162","targetHints":{"allow":["GET"]}}],"collection":[{"href":"https:\/\/www.wac2027.com\/esp\/wp-json\/wp\/v2\/pages"}],"about":[{"href":"https:\/\/www.wac2027.com\/esp\/wp-json\/wp\/v2\/types\/page"}],"author":[{"embeddable":true,"href":"https:\/\/www.wac2027.com\/esp\/wp-json\/wp\/v2\/users\/1"}],"replies":[{"embeddable":true,"href":"https:\/\/www.wac2027.com\/esp\/wp-json\/wp\/v2\/comments?post=1162"}],"version-history":[{"count":16,"href":"https:\/\/www.wac2027.com\/esp\/wp-json\/wp\/v2\/pages\/1162\/revisions"}],"predecessor-version":[{"id":1653,"href":"https:\/\/www.wac2027.com\/esp\/wp-json\/wp\/v2\/pages\/1162\/revisions\/1653"}],"wp:attachment":[{"href":"https:\/\/www.wac2027.com\/esp\/wp-json\/wp\/v2\/media?parent=1162"}],"curies":[{"name":"wp","href":"https:\/\/api.w.org\/{rel}","templated":true}]}}