{"id":1149,"date":"2023-01-31T09:55:27","date_gmt":"2023-01-31T07:55:27","guid":{"rendered":"https:\/\/www.wac2027.com\/esp\/?page_id=1149"},"modified":"2023-03-27T13:30:06","modified_gmt":"2023-03-27T11:30:06","slug":"sede","status":"publish","type":"page","link":"https:\/\/www.wac2027.com\/esp\/sede\/","title":{"rendered":"Sede"},"content":{"rendered":"<p>[et_pb_section fb_built=&#8221;1&#8243; module_class=&#8221;page-title&#8221; _builder_version=&#8221;4.19.4&#8243; _module_preset=&#8221;default&#8221; background_image=&#8221;https:\/\/www.wac2027.com\/esp\/wp-content\/uploads\/2023\/01\/15.jpg&#8221; background_position=&#8221;bottom_center&#8221; global_colors_info=&#8221;{}&#8221;][et_pb_row _builder_version=&#8221;4.17.4&#8243; _module_preset=&#8221;default&#8221; global_colors_info=&#8221;{}&#8221;][et_pb_column type=&#8221;4_4&#8243; _builder_version=&#8221;4.17.4&#8243; _module_preset=&#8221;default&#8221; global_colors_info=&#8221;{}&#8221;][et_pb_post_title meta=&#8221;off&#8221; featured_image=&#8221;off&#8221; _builder_version=&#8221;4.17.4&#8243; _module_preset=&#8221;default&#8221; global_colors_info=&#8221;{}&#8221;][\/et_pb_post_title][et_pb_text _builder_version=&#8221;4.20.0&#8243; _module_preset=&#8221;default&#8221; hover_enabled=&#8221;0&#8243; global_colors_info=&#8221;{}&#8221; sticky_enabled=&#8221;0&#8243;]<a href=\"https:\/\/www.wac2027.com\/esp\/wp\">Inicio<\/a>\u00a0 \/\/\u00a0 Sede[\/et_pb_text][\/et_pb_column][\/et_pb_row][\/et_pb_section][et_pb_section fb_built=&#8221;1&#8243; module_class=&#8221;pledge&#8221; _builder_version=&#8221;4.19.4&#8243; _module_preset=&#8221;default&#8221; custom_padding=&#8221;0px||0px||false|false&#8221; global_module=&#8221;1383&#8243; global_colors_info=&#8221;{}&#8221;][et_pb_row _builder_version=&#8221;4.19.4&#8243; _module_preset=&#8221;default&#8221; custom_padding=&#8221;0px||0px||false|false&#8221; global_colors_info=&#8221;{}&#8221;][et_pb_column type=&#8221;4_4&#8243; _builder_version=&#8221;4.19.4&#8243; _module_preset=&#8221;default&#8221; global_colors_info=&#8221;{}&#8221;][et_pb_button button_url=&#8221;https:\/\/www.wac2027.com\/esp\/pledge-your-support\/&#8221; button_text=&#8221;BRINDE SU APOYO&#8221; _builder_version=&#8221;4.20.0&#8243; _module_preset=&#8221;default&#8221; global_colors_info=&#8221;{}&#8221;][\/et_pb_button][\/et_pb_column][\/et_pb_row][\/et_pb_section][et_pb_section fb_built=&#8221;1&#8243; _builder_version=&#8221;4.19.4&#8243; _module_preset=&#8221;default&#8221; global_colors_info=&#8221;{}&#8221;][et_pb_row column_structure=&#8221;1_2,1_2&#8243; _builder_version=&#8221;4.19.4&#8243; _module_preset=&#8221;default&#8221; global_colors_info=&#8221;{}&#8221;][et_pb_column type=&#8221;1_2&#8243; _builder_version=&#8221;4.19.4&#8243; _module_preset=&#8221;default&#8221; global_colors_info=&#8221;{}&#8221;][et_pb_text _builder_version=&#8221;4.20.0&#8243; _module_preset=&#8221;default&#8221; hover_enabled=&#8221;0&#8243; global_colors_info=&#8221;{}&#8221; sticky_enabled=&#8221;0&#8243;]<\/p>\n<h3>Centro Internacional de Convenciones de Ciudad del Cabo<\/h3>\n<p>Desde que abri\u00f3 sus puertas al mundo en 2003, el CTICC se ha convertido en uno de los principales lugares de celebraci\u00f3n de eventos para un n\u00famero cada vez mayor de empresarios exigentes, organismos profesionales y organizadores de conferencias y exposiciones de toda Sud\u00e1frica, \u00c1frica y el mundo. Situado a las afueras del Distrito Central de Negocios (CBD), el Centro Internacional de Convenciones de Ciudad del Cabo (CTICC) est\u00e1 cerca del vibrante coraz\u00f3n de la ciudad. En su inauguraci\u00f3n oficial, el expresidente Thabo Mbeki lo calific\u00f3 de &#8220;s\u00edmbolo de esperanza, s\u00edmbolo de nuestro glorioso pasado, s\u00edmbolo de modernidad y s\u00edmbolo de prosperidad futura&#8221;.<\/p>\n<p>Es una idea que sigue siendo tan cierta hoy como entonces, porque el CTICC ha demostrado su enorme \u00e9xito como lugar donde las ideas se hacen realidad. De los 5000 actos celebrados desde su creaci\u00f3n, 450 han sido conferencias de asociaciones internacionales de una amplia gama de sectores, como el agroalimentario, el m\u00e9dico, el inmobiliario, la econom\u00eda ecol\u00f3gica y las TIC.<\/p>\n<p>Con la apertura del CTICC, la zona recuperada de la costa de la ciudad ha florecido y ahora forma un animado enlace entre el CBD y el puerto de la ciudad, incluido el lugar m\u00e1s visitado del pa\u00eds, el V&#038;A Waterfront, con su fascinante lista de restaurantes, boutiques, centros comerciales y personajes creativos.<\/p>\n<p>Muchos otros puntos de inter\u00e9s de la ciudad como tiendas, edificios, atracciones culturales, y los mejores hoteles se encuentran a pocos minutos a pie del Centro Internacional de Convenciones de Ciudad del Cabo, y a solo 20 minutos en autom\u00f3vil del Aeropuerto Internacional de Ciudad del Cabo.<\/p>\n<p><a href=\"https:\/\/www.cticc.co.za\/\" target=\"_blank\" rel=\"noopener\"><strong>Visitar el sitio web<\/strong><\/a><\/p>\n<p>[\/et_pb_text][\/et_pb_column][et_pb_column type=&#8221;1_2&#8243; _builder_version=&#8221;4.19.4&#8243; _module_preset=&#8221;default&#8221; global_colors_info=&#8221;{}&#8221;][et_pb_image src=&#8221;https:\/\/www.wac2027.com\/esp\/wp-content\/uploads\/2023\/01\/CTICC-1-bull-nose-morning.jpg&#8221; title_text=&#8221;CTICC-1-bull-nose-morning&#8221; _builder_version=&#8221;4.19.4&#8243; _module_preset=&#8221;default&#8221; global_colors_info=&#8221;{}&#8221;][\/et_pb_image][et_pb_image src=&#8221;https:\/\/www.wac2027.com\/esp\/wp-content\/uploads\/2023\/01\/CTICC-1-2nd-floor-escalators-1.jpg&#8221; title_text=&#8221;CTICC-1-2nd-floor-escalators-1&#8243; _builder_version=&#8221;4.19.4&#8243; _module_preset=&#8221;default&#8221; global_colors_info=&#8221;{}&#8221;][\/et_pb_image][\/et_pb_column][\/et_pb_row][\/et_pb_section]<\/p>\n","protected":false},"excerpt":{"rendered":"<p>Inicio\u00a0 \/\/\u00a0 SedeCentro Internacional de Convenciones de Ciudad del Cabo Desde que abri\u00f3 sus puertas al mundo en 2003, el CTICC se ha convertido en uno de los principales lugares de celebraci\u00f3n de eventos para un n\u00famero cada vez mayor de empresarios exigentes, organismos profesionales y organizadores de conferencias y exposiciones de toda Sud\u00e1frica, \u00c1frica [&hellip;]<\/p>\n","protected":false},"author":1,"featured_media":0,"parent":0,"menu_order":0,"comment_status":"closed","ping_status":"closed","template":"","meta":{"_et_pb_use_builder":"on","_et_pb_old_content":"","_et_gb_content_width":"","footnotes":""},"class_list":["post-1149","page","type-page","status-publish","hentry"],"_links":{"self":[{"href":"https:\/\/www.wac2027.com\/esp\/wp-json\/wp\/v2\/pages\/1149","targetHints":{"allow":["GET"]}}],"collection":[{"href":"https:\/\/www.wac2027.com\/esp\/wp-json\/wp\/v2\/pages"}],"about":[{"href":"https:\/\/www.wac2027.com\/esp\/wp-json\/wp\/v2\/types\/page"}],"author":[{"embeddable":true,"href":"https:\/\/www.wac2027.com\/esp\/wp-json\/wp\/v2\/users\/1"}],"replies":[{"embeddable":true,"href":"https:\/\/www.wac2027.com\/esp\/wp-json\/wp\/v2\/comments?post=1149"}],"version-history":[{"count":11,"href":"https:\/\/www.wac2027.com\/esp\/wp-json\/wp\/v2\/pages\/1149\/revisions"}],"predecessor-version":[{"id":1678,"href":"https:\/\/www.wac2027.com\/esp\/wp-json\/wp\/v2\/pages\/1149\/revisions\/1678"}],"wp:attachment":[{"href":"https:\/\/www.wac2027.com\/esp\/wp-json\/wp\/v2\/media?parent=1149"}],"curies":[{"name":"wp","href":"https:\/\/api.w.org\/{rel}","templated":true}]}}

<p>[et_pb_section fb_built=&#8221;1&#8243; module_class=&#8221;page-title&#8221; _builder_version=&#8221;4.19.4&#8243; _module_preset=&#8221;default&#8221; background_image=&#8221;https://www.wac2027.com/esp/wp-content/uploads/2023/01/15.jpg&#8221; background_position=&#8221;bottom_center&#8221; global_colors_info=&#8221;{}&#8221;][et_pb_row _builder_version=&#8221;4.17.4&#8243; _module_preset=&#8221;default&#8221; global_colors_info=&#8221;{}&#8221;][et_pb_column type=&#8221;4_4&#8243; _builder_version=&#8221;4.17.4&#8243; _module_preset=&#8221;default&#8221; global_colors_info=&#8221;{}&#8221;][et_pb_post_title meta=&#8221;off&#8221; featured_image=&#8221;off&#8221; _builder_version=&#8221;4.17.4&#8243; _module_preset=&#8221;default&#8221; global_colors_info=&#8221;{}&#8221;][/et_pb_post_title][et_pb_text _builder_version=&#8221;4.20.0&#8243; _module_preset=&#8221;default&#8221; hover_enabled=&#8221;0&#8243; global_colors_info=&#8221;{}&#8221; sticky_enabled=&#8221;0&#8243;]<a href="https://www.wac2027.com/esp/wp">Inicio</a>  //  Sede[/et_pb_text][/et_pb_column][/et_pb_row][/et_pb_section][et_pb_section fb_built=&#8221;1&#8243; module_class=&#8221;pledge&#8221; _builder_version=&#8221;4.19.4&#8243; _module_preset=&#8221;default&#8221; custom_padding=&#8221;0px||0px||false|false&#8221; global_module=&#8221;1383&#8243; global_colors_info=&#8221;{}&#8221;][et_pb_row _builder_version=&#8221;4.19.4&#8243; _module_preset=&#8221;default&#8221; custom_padding=&#8221;0px||0px||false|false&#8221; global_colors_info=&#8221;{}&#8221;][et_pb_column type=&#8221;4_4&#8243; _builder_version=&#8221;4.19.4&#8243; _module_preset=&#8221;default&#8221; global_colors_info=&#8221;{}&#8221;][et_pb_button button_url=&#8221;https://www.wac2027.com/esp/pledge-your-support/&#8221; button_text=&#8221;BRINDE SU APOYO&#8221; _builder_version=&#8221;4.20.0&#8243; _module_preset=&#8221;default&#8221; global_colors_info=&#8221;{}&#8221;][/et_pb_button][/et_pb_column][/et_pb_row][/et_pb_section][et_pb_section fb_built=&#8221;1&#8243; _builder_version=&#8221;4.19.4&#8243; _module_preset=&#8221;default&#8221; global_colors_info=&#8221;{}&#8221;][et_pb_row column_structure=&#8221;1_2,1_2&#8243; _builder_version=&#8221;4.19.4&#8243; _module_preset=&#8221;default&#8221; global_colors_info=&#8221;{}&#8221;][et_pb_column type=&#8221;1_2&#8243; _builder_version=&#8221;4.19.4&#8243; _module_preset=&#8221;default&#8221; global_colors_info=&#8221;{}&#8221;][et_pb_text _builder_version=&#8221;4.20.0&#8243; _module_preset=&#8221;default&#8221; hover_enabled=&#8221;0&#8243; global_colors_info=&#8221;{}&#8221; sticky_enabled=&#8221;0&#8243;]</p>
<h3>Centro Internacional de Convenciones de Ciudad del Cabo</h3>
<p>Desde que abrió sus puertas al mundo en 2003, el CTICC se ha convertido en uno de los principales lugares de celebración de eventos para un número cada vez mayor de empresarios exigentes, organismos profesionales y organizadores de conferencias y exposiciones de toda Sudáfrica, África y el mundo. Situado a las afueras del Distrito Central de Negocios (CBD), el Centro Internacional de Convenciones de Ciudad del Cabo (CTICC) está cerca del vibrante corazón de la ciudad. En su inauguración oficial, el expresidente Thabo Mbeki lo calificó de &#8220;símbolo de esperanza, símbolo de nuestro glorioso pasado, símbolo de modernidad y símbolo de prosperidad futura&#8221;.</p>
<p>Es una idea que sigue siendo tan cierta hoy como entonces, porque el CTICC ha demostrado su enorme éxito como lugar donde las ideas se hacen realidad. De los 5000 actos celebrados desde su creación, 450 han sido conferencias de asociaciones internacionales de una amplia gama de sectores, como el agroalimentario, el médico, el inmobiliario, la economía ecológica y las TIC.</p>
<p>Con la apertura del CTICC, la zona recuperada de la costa de la ciudad ha florecido y ahora forma un animado enlace entre el CBD y el puerto de la ciudad, incluido el lugar más visitado del país, el V&#038;A Waterfront, con su fascinante lista de restaurantes, boutiques, centros comerciales y personajes creativos.</p>
<p>Muchos otros puntos de interés de la ciudad como tiendas, edificios, atracciones culturales, y los mejores hoteles se encuentran a pocos minutos a pie del Centro Internacional de Convenciones de Ciudad del Cabo, y a solo 20 minutos en automóvil del Aeropuerto Internacional de Ciudad del Cabo.</p>
<p><a href="https://www.cticc.co.za/" target="_blank" rel="noopener"><strong>Visitar el sitio web</strong></a></p>
<p>[/et_pb_text][/et_pb_column][et_pb_column type=&#8221;1_2&#8243; _builder_version=&#8221;4.19.4&#8243; _module_preset=&#8221;default&#8221; global_colors_info=&#8221;{}&#8221;][et_pb_image src=&#8221;https://www.wac2027.com/esp/wp-content/uploads/2023/01/CTICC-1-bull-nose-morning.jpg&#8221; title_text=&#8221;CTICC-1-bull-nose-morning&#8221; _builder_version=&#8221;4.19.4&#8243; _module_preset=&#8221;default&#8221; global_colors_info=&#8221;{}&#8221;][/et_pb_image][et_pb_image src=&#8221;https://www.wac2027.com/esp/wp-content/uploads/2023/01/CTICC-1-2nd-floor-escalators-1.jpg&#8221; title_text=&#8221;CTICC-1-2nd-floor-escalators-1&#8243; _builder_version=&#8221;4.19.4&#8243; _module_preset=&#8221;default&#8221; global_colors_info=&#8221;{}&#8221;][/et_pb_image][/et_pb_column][/et_pb_row][/et_pb_section]</p>

<p>Inicio  //  SedeCentro Internacional de Convenciones de Ciudad del Cabo Desde que abrió sus puertas al mundo en 2003, el CTICC se ha convertido en uno de los principales lugares de celebración de eventos para un número cada vez mayor de empresarios exigentes, organismos profesionales y organizadores de conferencias y exposiciones de toda Sudáfrica, África [&hellip;]</p>
